{"id":87,"date":"2021-04-18T08:35:19","date_gmt":"2021-04-18T06:35:19","guid":{"rendered":"http:\/\/cercledargent.fr\/?page_id=87"},"modified":"2024-03-21T16:17:17","modified_gmt":"2024-03-21T15:17:17","slug":"qui-sommes-nous-2","status":"publish","type":"page","link":"https:\/\/cercledargent.fr\/index.php\/qui-sommes-nous-2\/","title":{"rendered":"Qui sommes-nous  ?"},"content":{"rendered":"<h2><img loading=\"lazy\" decoding=\"async\" class=\"alignnone size-full wp-image-400\" src=\"http:\/\/cercledargent.fr\/wp-content\/uploads\/2021\/11\/LOGO-6e-definitif-1.png\" alt=\"\" width=\"194\" height=\"204\" \/>HISTORIQUE<\/h2>\n<p class=\"western\" align=\"justify\"><span style=\"font-family: aakar, serif;\"><span style=\"font-size: medium;\">Le Cercle d&rsquo;Argent, cr\u00e9\u00e9 en 1975, est une Association r\u00e9gie par la Loi du 1er juillet 1901. Elle a pour but de favoriser les rencontres entre ses membres, lors de divers \u00e9v\u00e9nements et \u00a0activit\u00e9s manuelles, culturelles, artistiques et amicales et de les coordonner.<\/span><\/span><\/p>\n<figure id=\"attachment_122\" aria-describedby=\"caption-attachment-122\" style=\"width: 600px\" class=\"wp-caption alignnone\"><img loading=\"lazy\" decoding=\"async\" class=\"wp-image-122 size-full\" src=\"http:\/\/cercledargent.fr\/wp-content\/uploads\/2021\/05\/Groupe-Voyage-Cercle-dArgent-pointreduit1.jpg\" alt=\"CERCLE D'ARGENT VOYAGE 2015 OCCITANIE\" width=\"600\" height=\"450\" srcset=\"https:\/\/cercledargent.fr\/wp-content\/uploads\/2021\/05\/Groupe-Voyage-Cercle-dArgent-pointreduit1.jpg 600w, https:\/\/cercledargent.fr\/wp-content\/uploads\/2021\/05\/Groupe-Voyage-Cercle-dArgent-pointreduit1-300x225.jpg 300w\" sizes=\"auto, (max-width: 600px) 100vw, 600px\" \/><figcaption id=\"caption-attachment-122\" class=\"wp-caption-text\">CERCLE D&rsquo;ARGENT VOYAGE 2015 OCCITANIE<\/figcaption><\/figure>\n<p class=\"western\" align=\"justify\"><span style=\"font-family: aakar, serif;\"><span style=\"font-size: medium;\">Notre association propose \u00e0 ses adh\u00e9rents diverses activit\u00e9s r\u00e9guli\u00e8res : ateliers de travaux manuels et couture, informatique, chorale, go\u00fbter du Mercredi&#8230;<\/span><\/span><\/p>\n<p class=\"western\" align=\"justify\"><span style=\"font-family: aakar, serif;\"><span style=\"font-size: medium;\">Tout au long de l&rsquo;ann\u00e9e, nous organisons \u00e9galement des rencontres festives, amicales et gourmandes auxquelles tous nos adh\u00e9rents sont convi\u00e9s : le repas des anniversaires et le go\u00fbter de No\u00ebl avec animation musicale, le loto-galette&#8230;<\/span><\/span><\/p>\n<p class=\"western\" align=\"justify\"><span style=\"font-family: aakar, serif;\"><span style=\"font-size: medium;\">Conf\u00e9rences, concerts ou autres spectacles sont \u00e9galement propos\u00e9s, deux ou trois fois dans l&rsquo;ann\u00e9e.<\/span><\/span><\/p>\n<p class=\"western\" align=\"justify\"><span style=\"font-family: aakar, serif;\"><span style=\"font-size: medium;\">Nous organisons enfin une au deux sorties \u00e0 la journ\u00e9e. Sans oublier notre grand voyage annuel de 4 ou 5 jours.<\/span><\/span><\/p>\n<p class=\"western\" align=\"justify\"><span style=\"font-family: aakar, serif;\"><span style=\"font-size: medium;\">Un Bulletin d&rsquo;Information du Cercle d&rsquo;Argent (BICA) est r\u00e9guli\u00e8rement adress\u00e9 \u00e0 tous nos adh\u00e9rents pour les tenir au courant de l&rsquo;actualit\u00e9 de notre Association.<\/span><\/span><\/p>\n<h2>LE BUREAU<\/h2>\n<p>Apr\u00e8s\u00a0 l&rsquo;Assembl\u00e9e G\u00e9n\u00e9rale du 9 novembre 2023 , un nouveau bureau a \u00e9t\u00e9 \u00e9lu :<\/p>\n<p>Pr\u00e9sidente&#8230;&#8230;&#8230;&#8230;&#8230;&#8230;&#8230;&#8230;&#8230;&#8230;&#8230;&#8230;&#8230;&#8230;&#8230;&#8230;..\u00a0 Brigitte WILLI\u00c8ME\u00a0\u00a0\u00a0\u00a0\u00a0\u00a0\u00a0\u00a0\u00a0\u00a0\u00a0\u00a0\u00a0\u00a0\u00a0\u00a0\u00a0\u00a0\u00a0\u00a0\u00a0\u00a0\u00a0\u00a0\u00a0 \u00a0 \u00a0\u00a0\u00a0\u00a0 \u00a0 \u00a0 \u00a0 \u00a0 \u00a0\u00a0 \u00a0 \u00a0 \u00a0\u00a0 Vice-Pr\u00e9sident&#8230;&#8230;&#8230;&#8230;&#8230;&#8230;&#8230;&#8230;.\u00a0\u00a0 Georges DISS\u00c8S<\/p>\n<p>Secr\u00e9taire&#8230;&#8230;&#8230;&#8230;&#8230;&#8230;&#8230;&#8230;&#8230;&#8230;&#8230;&#8230;&#8230;&#8230;&#8230;&#8230;..\u00a0\u00a0\u00a0 Josiane BLANC-DISS\u00c8S<\/p>\n<p>Secr\u00e9taires adjointes&#8230;&#8230;.\u00a0\u00a0\u00a0 Christine MOREL et Odile CHOSSON<\/p>\n<p>Tr\u00e9sori\u00e8re&#8230;&#8230;&#8230;&#8230;&#8230;&#8230;&#8230;&#8230;&#8230;&#8230;&#8230;&#8230;&#8230;&#8230;&#8230;&#8230;.\u00a0\u00a0 Jocelyne\u00a0\u00a0\u00a0\u00a0\u00a0\u00a0\u00a0 BARBER\u00a0 \u00a0 \u00a0 \u00a0 \u00a0\u00a0\u00a0\u00a0 Tr\u00e9sori\u00e8re adjointe&#8230;&#8230;&#8230;..\u00a0\u00a0 Genevi\u00e8ve BRUYAS<\/p>\n","protected":false},"excerpt":{"rendered":"<p>HISTORIQUE Le Cercle d&rsquo;Argent, cr\u00e9\u00e9 en 1975, est une Association r\u00e9gie par la Loi du 1er juillet 1901. Elle a pour but de favoriser les rencontres entre ses membres, lors de divers \u00e9v\u00e9nements et \u00a0activit\u00e9s manuelles, culturelles, artistiques et amicales et de les coordonner. Notre association propose \u00e0 ses adh\u00e9rents diverses activit\u00e9s r\u00e9guli\u00e8res : ateliers &hellip; <a href=\"https:\/\/cercledargent.fr\/index.php\/qui-sommes-nous-2\/\" class=\"more-link\">Continuer la lecture de <span class=\"screen-reader-text\">Qui sommes-nous  ?<\/span>  <span class=\"meta-nav\">&rarr;<\/span><\/a><\/p>\n","protected":false},"author":1,"featured_media":0,"parent":0,"menu_order":0,"comment_status":"closed","ping_status":"closed","template":"","meta":{"arc_restricted_post":false,"footnotes":""},"class_list":["post-87","page","type-page","status-publish","hentry"],"_links":{"self":[{"href":"https:\/\/cercledargent.fr\/index.php\/wp-json\/wp\/v2\/pages\/87","targetHints":{"allow":["GET"]}}],"collection":[{"href":"https:\/\/cercledargent.fr\/index.php\/wp-json\/wp\/v2\/pages"}],"about":[{"href":"https:\/\/cercledargent.fr\/index.php\/wp-json\/wp\/v2\/types\/page"}],"author":[{"embeddable":true,"href":"https:\/\/cercledargent.fr\/index.php\/wp-json\/wp\/v2\/users\/1"}],"replies":[{"embeddable":true,"href":"https:\/\/cercledargent.fr\/index.php\/wp-json\/wp\/v2\/comments?post=87"}],"version-history":[{"count":37,"href":"https:\/\/cercledargent.fr\/index.php\/wp-json\/wp\/v2\/pages\/87\/revisions"}],"predecessor-version":[{"id":1180,"href":"https:\/\/cercledargent.fr\/index.php\/wp-json\/wp\/v2\/pages\/87\/revisions\/1180"}],"wp:attachment":[{"href":"https:\/\/cercledargent.fr\/index.php\/wp-json\/wp\/v2\/media?parent=87"}],"curies":[{"name":"wp","href":"https:\/\/api.w.org\/{rel}","templated":true}]}}