{"id":41,"date":"2021-04-17T17:34:37","date_gmt":"2021-04-17T15:34:37","guid":{"rendered":"http:\/\/cercledargent.fr\/?page_id=41"},"modified":"2026-03-06T14:38:35","modified_gmt":"2026-03-06T13:38:35","slug":"bica","status":"publish","type":"page","link":"https:\/\/cercledargent.fr\/index.php\/bica\/","title":{"rendered":"BICA"},"content":{"rendered":"<h3><img loading=\"lazy\" decoding=\"async\" class=\"alignnone wp-image-400\" src=\"http:\/\/cercledargent.fr\/wp-content\/uploads\/2021\/11\/LOGO-6e-definitif-1.png\" alt=\"\" width=\"130\" height=\"137\" \/>Le Bulletin d&rsquo;Information du Cercle d&rsquo;Argent (BICA) est r\u00e9guli\u00e8rement diffus\u00e9 \u00e0 nos adh\u00e9rents.<\/h3>\n<p>Pour consulter les derniers num\u00e9ros, cliquez ci-dessous :<\/p>\n<p><span style=\"color: #008000;\">BICA Mars-Avril-Mai 2026\u00a0 \u00a0 \u00a0 <a href=\"http:\/\/cercledargent.fr\/wp-content\/uploads\/2026\/03\/BICA-MAMai-2026.pdf\">BICA MAMai 2026<\/a><\/span><\/p>\n<p><a href=\"http:\/\/cercledargent.fr\/wp-content\/uploads\/2025\/12\/BICA-Decembre-2025-Janvier-Fevrier-2026.pdf\">BICA D\u00e9cembre 2025 &#8211; Janvier-F\u00e9vrier 2026<\/a>\u00a0 \u00a0 \u00a0 et<a href=\"http:\/\/cercledargent.fr\/wp-content\/uploads\/2025\/12\/BICA-Decembre-2025-Janvier-Fevrier-2026-Page-centrale-Voyage.pdf\"> BICA D\u00e9cembre 2025 &#8211; Janvier-F\u00e9vrier 2026 Page centrale (Voyage)<\/a><\/p>\n<p><a href=\"http:\/\/cercledargent.fr\/wp-content\/uploads\/2025\/11\/BICA-O.N.Dec-2025-2-1.pdf\">BICA O.N.D\u00e9c 2025 2-1<\/a><\/p>\n<p><a href=\"http:\/\/cercledargent.fr\/wp-content\/uploads\/2025\/06\/BICA-Juin-Juillet-Aout-2025.pdf\">BICA Juin-Juillet-Ao\u00fbt 2025<\/a><\/p>\n<p><a href=\"http:\/\/cercledargent.fr\/wp-content\/uploads\/2025\/03\/BICA-Mars-Avril-Mai-2025.pdf\">BICA Mars-Avril-Mai 2025<\/a><\/p>\n<p><a href=\"http:\/\/cercledargent.fr\/wp-content\/uploads\/2024\/12\/BICA-Dec-2024-J-F-2025-3.pdf\">BICA D\u00e9c 2024 &#8211; J-F 2025-3\u00a0\u00a0\u00a0\u00a0\u00a0\u00a0\u00a0\u00a0\u00a0 <\/a><a href=\"http:\/\/cercledargent.fr\/wp-content\/uploads\/2024\/12\/BICA-Dec-24-J-F-25-Page-centrale-Voyage-1.pdf\">BICA D\u00e9c 24 &#8211; J-F 25 Page centrale (Voyage)-1<\/a><\/p>\n<p><a href=\"http:\/\/cercledargent.fr\/wp-content\/uploads\/2024\/09\/BICA-S-O-Nov.24.pdf\">BICA S-O-Nov.24<\/a><\/p>\n<p><a href=\"http:\/\/cercledargent.fr\/wp-content\/uploads\/2024\/05\/BICA-Mai.Aout-2024.pdf\">BICA Mai&#8230;Ao\u00fbt 2024<\/a><\/p>\n<p><a href=\"http:\/\/cercledargent.fr\/wp-content\/uploads\/2024\/02\/BICA-F-M-Avril-24.pdf\">BICA F-M-Avril 24<\/a><\/p>\n<p><a href=\"http:\/\/cercledargent.fr\/wp-content\/uploads\/2023\/12\/BICA-Decembre-23-Janvier-Fevrier-24-1.pdf\">BICA D\u00e9cembre 23 &#8211; Janvier-F\u00e9vrier 24<\/a><\/p>\n<p><a href=\"http:\/\/cercledargent.fr\/wp-content\/uploads\/2023\/09\/BICA-Sept.-O-N23.pdf\">BICA Sept.-O-N23<\/a><\/p>\n<p><a href=\"http:\/\/cercledargent.fr\/wp-content\/uploads\/2023\/06\/BICA-Jjaout-2023-1.pdf\">BICA Jjao\u00fbt 2023 -1<\/a><\/p>\n<p><a href=\"http:\/\/cercledargent.fr\/wp-content\/uploads\/2023\/03\/BICA-Mars-Avril-Mai23.pdf\">BICA Mars-Avril-Mai23<\/a><\/p>\n<p><a href=\"http:\/\/cercledargent.fr\/wp-content\/uploads\/2022\/12\/BICA-Decembre-2022-Janvier-Fevrier-2023.pdf\">BICA D\u00e9cembre 2022 &#8211; Janvier-F\u00e9vrier 2023<\/a><\/p>\n<p><a href=\"http:\/\/cercledargent.fr\/wp-content\/uploads\/2022\/12\/BICA-Decembre-2022-Janvier-Fevrier-2023-Page-centrale.pdf\">BICA D\u00e9cembre 2022 &#8211; Janvier-F\u00e9vrier 2023 Page centrale<\/a><\/p>\n<p><a href=\"http:\/\/cercledargent.fr\/wp-content\/uploads\/2022\/12\/BICA-S.O.Nov_.-22.pdf\">BICA Novembre 2022<\/a><\/p>\n<p><a href=\"http:\/\/cercledargent.fr\/wp-content\/uploads\/2022\/06\/BICA-JJA-22.pdf\">BICA \u00e9t\u00e9 2022<\/a><\/p>\n<p><a href=\"http:\/\/cercledargent.fr\/wp-content\/uploads\/2022\/03\/BICA-Mars-Avril-Mai-22.pdf\">BICA Mars-Avril-Mai 22<\/a><\/p>\n<p><a href=\"http:\/\/cercledargent.fr\/wp-content\/uploads\/2021\/12\/BICA-Dec21-J-Fevr-22-.pdf\">BICA D\u00e9c21 -J-F\u00e9vr 22<\/a><\/p>\n<p><a href=\"http:\/\/cercledargent.fr\/wp-content\/uploads\/2021\/12\/BICA-Dec.21-J-Fev-22-VOYAGE-.pdf\">BICA D\u00e9c.21 -J-F\u00e9v 22 (pr\u00e9sentation voyage CANTAL)<\/a><\/p>\n<p><a href=\"http:\/\/cercledargent.fr\/wp-content\/uploads\/2021\/10\/BICA-Oct.-Nov-2021.-1.pdf\">BICA Oct. -Nov 2021.-1<\/a><\/p>\n<p><a href=\"http:\/\/cercledargent.fr\/wp-content\/uploads\/2021\/08\/BICA-Septembre-Octobre-2021-P.odg\">BICA Septembre-Octobre 2021 P1<\/a><\/p>\n<p><a href=\"http:\/\/cercledargent.fr\/wp-content\/uploads\/2021\/08\/BICA-Septembre-Octobre-2021-P.2.odg\">BICA Septembre-Octobre 2021 P.2<\/a><\/p>\n<p>&nbsp;<\/p>\n<h5>RESPONSABLE :<\/h5>\n<p>Mme BRUYAS : 04.78.50.69.53<\/p>\n<p>&nbsp;<\/p>\n","protected":false},"excerpt":{"rendered":"<p>Le Bulletin d&rsquo;Information du Cercle d&rsquo;Argent (BICA) est r\u00e9guli\u00e8rement diffus\u00e9 \u00e0 nos adh\u00e9rents. Pour consulter les derniers num\u00e9ros, cliquez ci-dessous : BICA Mars-Avril-Mai 2026\u00a0 \u00a0 \u00a0 BICA MAMai 2026 BICA D\u00e9cembre 2025 &#8211; Janvier-F\u00e9vrier 2026\u00a0 \u00a0 \u00a0 et BICA D\u00e9cembre 2025 &#8211; Janvier-F\u00e9vrier 2026 Page centrale (Voyage) BICA O.N.D\u00e9c 2025 2-1 BICA Juin-Juillet-Ao\u00fbt 2025 BICA &hellip; <a href=\"https:\/\/cercledargent.fr\/index.php\/bica\/\" class=\"more-link\">Continuer la lecture de <span class=\"screen-reader-text\">BICA<\/span>  <span class=\"meta-nav\">&rarr;<\/span><\/a><\/p>\n","protected":false},"author":1,"featured_media":0,"parent":0,"menu_order":0,"comment_status":"closed","ping_status":"closed","template":"","meta":{"arc_restricted_post":false,"footnotes":""},"class_list":["post-41","page","type-page","status-publish","hentry"],"_links":{"self":[{"href":"https:\/\/cercledargent.fr\/index.php\/wp-json\/wp\/v2\/pages\/41","targetHints":{"allow":["GET"]}}],"collection":[{"href":"https:\/\/cercledargent.fr\/index.php\/wp-json\/wp\/v2\/pages"}],"about":[{"href":"https:\/\/cercledargent.fr\/index.php\/wp-json\/wp\/v2\/types\/page"}],"author":[{"embeddable":true,"href":"https:\/\/cercledargent.fr\/index.php\/wp-json\/wp\/v2\/users\/1"}],"replies":[{"embeddable":true,"href":"https:\/\/cercledargent.fr\/index.php\/wp-json\/wp\/v2\/comments?post=41"}],"version-history":[{"count":38,"href":"https:\/\/cercledargent.fr\/index.php\/wp-json\/wp\/v2\/pages\/41\/revisions"}],"predecessor-version":[{"id":1612,"href":"https:\/\/cercledargent.fr\/index.php\/wp-json\/wp\/v2\/pages\/41\/revisions\/1612"}],"wp:attachment":[{"href":"https:\/\/cercledargent.fr\/index.php\/wp-json\/wp\/v2\/media?parent=41"}],"curies":[{"name":"wp","href":"https:\/\/api.w.org\/{rel}","templated":true}]}}