{"id":31,"date":"2021-04-17T17:32:57","date_gmt":"2021-04-17T15:32:57","guid":{"rendered":"http:\/\/cercledargent.fr\/?page_id=31"},"modified":"2024-11-09T14:54:56","modified_gmt":"2024-11-09T13:54:56","slug":"gouter-du-mercredi","status":"publish","type":"page","link":"https:\/\/cercledargent.fr\/index.php\/gouter-du-mercredi\/","title":{"rendered":"Go\u00fbter du mercredi"},"content":{"rendered":"<p><img loading=\"lazy\" decoding=\"async\" class=\"alignnone wp-image-400\" src=\"http:\/\/cercledargent.fr\/wp-content\/uploads\/2021\/11\/LOGO-6e-definitif-1.png\" alt=\"\" width=\"129\" height=\"136\" \/>L\u2019activit\u00e9 fonctionne du 1er septembre au 30 juin (sauf juillet\/ao\u00fbt)<\/p>\n<p><strong>un mercredi sur deux \u00e0 partir de 14 h 30<\/strong><\/p>\n<p>\u00e0 l&rsquo;Espace Atelier, place Jean-Moulin \u00e0 La Mulati\u00e8re<\/p>\n<p><img loading=\"lazy\" decoding=\"async\" class=\"alignnone size-medium wp-image-1138\" src=\"http:\/\/cercledargent.fr\/wp-content\/uploads\/2024\/01\/P1020810-300x225.jpg\" alt=\"\" width=\"300\" height=\"225\" srcset=\"https:\/\/cercledargent.fr\/wp-content\/uploads\/2024\/01\/P1020810-300x225.jpg 300w, https:\/\/cercledargent.fr\/wp-content\/uploads\/2024\/01\/P1020810.jpg 600w\" sizes=\"auto, (max-width: 300px) 100vw, 300px\" \/><\/p>\n<p><img loading=\"lazy\" decoding=\"async\" class=\"alignnone size-medium wp-image-1137\" src=\"http:\/\/cercledargent.fr\/wp-content\/uploads\/2024\/01\/P1020809-300x225.jpg\" alt=\"\" width=\"300\" height=\"225\" srcset=\"https:\/\/cercledargent.fr\/wp-content\/uploads\/2024\/01\/P1020809-300x225.jpg 300w, https:\/\/cercledargent.fr\/wp-content\/uploads\/2024\/01\/P1020809.jpg 600w\" sizes=\"auto, (max-width: 300px) 100vw, 300px\" \/><\/p>\n<p><img loading=\"lazy\" decoding=\"async\" class=\"alignnone size-medium wp-image-800\" src=\"http:\/\/cercledargent.fr\/wp-content\/uploads\/2022\/12\/20221214_144931-300x169.jpg\" alt=\"\" width=\"300\" height=\"169\" srcset=\"https:\/\/cercledargent.fr\/wp-content\/uploads\/2022\/12\/20221214_144931-300x169.jpg 300w, https:\/\/cercledargent.fr\/wp-content\/uploads\/2022\/12\/20221214_144931-1024x576.jpg 1024w, https:\/\/cercledargent.fr\/wp-content\/uploads\/2022\/12\/20221214_144931-768x432.jpg 768w, https:\/\/cercledargent.fr\/wp-content\/uploads\/2022\/12\/20221214_144931-1536x864.jpg 1536w, https:\/\/cercledargent.fr\/wp-content\/uploads\/2022\/12\/20221214_144931-2048x1152.jpg 2048w\" sizes=\"auto, (max-width: 300px) 100vw, 300px\" \/><\/p>\n<h4>Responsables :<\/h4>\n<p>. Mme GILLARDIN : 06.48.38.79.08<\/p>\n<p>.\u00a0 Mme TRAVI : 04 78 50 54 22<\/p>\n<p><em>Apr\u00e8s-midi d\u00e9tente, caf\u00e9\/biscuits et jeux divers<\/em><\/p>\n","protected":false},"excerpt":{"rendered":"<p>L\u2019activit\u00e9 fonctionne du 1er septembre au 30 juin (sauf juillet\/ao\u00fbt) un mercredi sur deux \u00e0 partir de 14 h 30 \u00e0 l&rsquo;Espace Atelier, place Jean-Moulin \u00e0 La Mulati\u00e8re Responsables : . Mme GILLARDIN : 06.48.38.79.08 .\u00a0 Mme TRAVI : 04 78 50 54 22 Apr\u00e8s-midi d\u00e9tente, caf\u00e9\/biscuits et jeux divers<\/p>\n","protected":false},"author":1,"featured_media":0,"parent":0,"menu_order":0,"comment_status":"closed","ping_status":"closed","template":"","meta":{"arc_restricted_post":false,"footnotes":""},"class_list":["post-31","page","type-page","status-publish","hentry"],"_links":{"self":[{"href":"https:\/\/cercledargent.fr\/index.php\/wp-json\/wp\/v2\/pages\/31","targetHints":{"allow":["GET"]}}],"collection":[{"href":"https:\/\/cercledargent.fr\/index.php\/wp-json\/wp\/v2\/pages"}],"about":[{"href":"https:\/\/cercledargent.fr\/index.php\/wp-json\/wp\/v2\/types\/page"}],"author":[{"embeddable":true,"href":"https:\/\/cercledargent.fr\/index.php\/wp-json\/wp\/v2\/users\/1"}],"replies":[{"embeddable":true,"href":"https:\/\/cercledargent.fr\/index.php\/wp-json\/wp\/v2\/comments?post=31"}],"version-history":[{"count":12,"href":"https:\/\/cercledargent.fr\/index.php\/wp-json\/wp\/v2\/pages\/31\/revisions"}],"predecessor-version":[{"id":1283,"href":"https:\/\/cercledargent.fr\/index.php\/wp-json\/wp\/v2\/pages\/31\/revisions\/1283"}],"wp:attachment":[{"href":"https:\/\/cercledargent.fr\/index.php\/wp-json\/wp\/v2\/media?parent=31"}],"curies":[{"name":"wp","href":"https:\/\/api.w.org\/{rel}","templated":true}]}}