{"id":29,"date":"2021-04-17T17:32:34","date_gmt":"2021-04-17T15:32:34","guid":{"rendered":"http:\/\/cercledargent.fr\/?page_id=29"},"modified":"2024-02-04T16:02:14","modified_gmt":"2024-02-04T15:02:14","slug":"informatique","status":"publish","type":"page","link":"https:\/\/cercledargent.fr\/index.php\/informatique\/","title":{"rendered":"Informatique"},"content":{"rendered":"<p><img loading=\"lazy\" decoding=\"async\" class=\"alignnone wp-image-203 size-full\" src=\"http:\/\/cercledargent.fr\/wp-content\/uploads\/2021\/05\/Ca.-Inform.-2015.jpg\" alt=\"\" width=\"600\" height=\"450\" srcset=\"https:\/\/cercledargent.fr\/wp-content\/uploads\/2021\/05\/Ca.-Inform.-2015.jpg 600w, https:\/\/cercledargent.fr\/wp-content\/uploads\/2021\/05\/Ca.-Inform.-2015-300x225.jpg 300w\" sizes=\"auto, (max-width: 600px) 100vw, 600px\" \/><\/p>\n<p>L\u2019activit\u00e9 fonctionne <strong>tous les mardis<\/strong> (sauf vacances scolaires)<\/p>\n<p><strong>\u00a0 de 9 h 30 \u00e0 12 heures et de 14 h 30 \u00e0 17 heures.<\/strong><\/p>\n<p>\u00e0 la salle ex-GCM, place Jean-Moulin\u00a0 \u00e0 La Mulati\u00e8re.<\/p>\n<h4>Responsable :<\/h4>\n<p>. M. MAUTI : 06.28.03.80.91<\/p>\n<p>L&rsquo;activit\u00e9 s&rsquo;adresse aux <strong>d\u00e9butants<\/strong> (<em>frappe, bureautique, illustration<\/em> <em>de<\/em> <em>textes, internet<\/em>) , comme aux <strong>confirm\u00e9s<\/strong> (<em>diaporamas, retouches de photos, installation de logiciels<\/em>) et aux <strong>plus curieux<\/strong> (<em>initiation \u00e0 la programmation aux logiciels libres et divers syst\u00e8mes d&rsquo;exploitation, maintenance et d\u00e9pannage de son ordinateur<\/em>)<\/p>\n<p>&nbsp;<\/p>\n<p>&nbsp;<\/p>\n","protected":false},"excerpt":{"rendered":"<p>L\u2019activit\u00e9 fonctionne tous les mardis (sauf vacances scolaires) \u00a0 de 9 h 30 \u00e0 12 heures et de 14 h 30 \u00e0 17 heures. \u00e0 la salle ex-GCM, place Jean-Moulin\u00a0 \u00e0 La Mulati\u00e8re. Responsable : . M. MAUTI : 06.28.03.80.91 L&rsquo;activit\u00e9 s&rsquo;adresse aux d\u00e9butants (frappe, bureautique, illustration de textes, internet) , comme aux confirm\u00e9s (diaporamas, &hellip; <a href=\"https:\/\/cercledargent.fr\/index.php\/informatique\/\" class=\"more-link\">Continuer la lecture de <span class=\"screen-reader-text\">Informatique<\/span>  <span class=\"meta-nav\">&rarr;<\/span><\/a><\/p>\n","protected":false},"author":1,"featured_media":0,"parent":0,"menu_order":0,"comment_status":"closed","ping_status":"closed","template":"","meta":{"arc_restricted_post":false,"footnotes":""},"class_list":["post-29","page","type-page","status-publish","hentry"],"_links":{"self":[{"href":"https:\/\/cercledargent.fr\/index.php\/wp-json\/wp\/v2\/pages\/29","targetHints":{"allow":["GET"]}}],"collection":[{"href":"https:\/\/cercledargent.fr\/index.php\/wp-json\/wp\/v2\/pages"}],"about":[{"href":"https:\/\/cercledargent.fr\/index.php\/wp-json\/wp\/v2\/types\/page"}],"author":[{"embeddable":true,"href":"https:\/\/cercledargent.fr\/index.php\/wp-json\/wp\/v2\/users\/1"}],"replies":[{"embeddable":true,"href":"https:\/\/cercledargent.fr\/index.php\/wp-json\/wp\/v2\/comments?post=29"}],"version-history":[{"count":14,"href":"https:\/\/cercledargent.fr\/index.php\/wp-json\/wp\/v2\/pages\/29\/revisions"}],"predecessor-version":[{"id":1146,"href":"https:\/\/cercledargent.fr\/index.php\/wp-json\/wp\/v2\/pages\/29\/revisions\/1146"}],"wp:attachment":[{"href":"https:\/\/cercledargent.fr\/index.php\/wp-json\/wp\/v2\/media?parent=29"}],"curies":[{"name":"wp","href":"https:\/\/api.w.org\/{rel}","templated":true}]}}