{"id":20,"date":"2021-04-17T17:30:30","date_gmt":"2021-04-17T15:30:30","guid":{"rendered":"http:\/\/cercledargent.fr\/?page_id=20"},"modified":"2024-02-04T15:58:12","modified_gmt":"2024-02-04T14:58:12","slug":"contact","status":"publish","type":"page","link":"https:\/\/cercledargent.fr\/index.php\/contact\/","title":{"rendered":"Contact"},"content":{"rendered":"<p><img loading=\"lazy\" decoding=\"async\" class=\"alignnone size-full wp-image-400\" src=\"http:\/\/cercledargent.fr\/wp-content\/uploads\/2021\/11\/LOGO-6e-definitif-1.png\" alt=\"\" width=\"194\" height=\"204\" \/>Notre Si\u00e8ge Social est h\u00e9berg\u00e9 au CENTRE SOCIAL de la Mulati\u00e8re<\/p>\n<p><strong>LE CERCLE D&rsquo;ARGENT<\/strong><\/p>\n<p>102, chemin des Chassagnes\u00a0 69350 La Mulati\u00e8re<\/p>\n<p>T\u00e9l\u00e9phone : 06.70.18.63.82\u00a0 (la Pr\u00e9sidente)\u00a0 et 06.83.30.54.11 (le Vice-Pr\u00e9sident)<\/p>\n","protected":false},"excerpt":{"rendered":"<p>Notre Si\u00e8ge Social est h\u00e9berg\u00e9 au CENTRE SOCIAL de la Mulati\u00e8re LE CERCLE D&rsquo;ARGENT 102, chemin des Chassagnes\u00a0 69350 La Mulati\u00e8re T\u00e9l\u00e9phone : 06.70.18.63.82\u00a0 (la Pr\u00e9sidente)\u00a0 et 06.83.30.54.11 (le Vice-Pr\u00e9sident)<\/p>\n","protected":false},"author":1,"featured_media":0,"parent":0,"menu_order":0,"comment_status":"closed","ping_status":"closed","template":"","meta":{"arc_restricted_post":false,"footnotes":""},"class_list":["post-20","page","type-page","status-publish","hentry"],"_links":{"self":[{"href":"https:\/\/cercledargent.fr\/index.php\/wp-json\/wp\/v2\/pages\/20","targetHints":{"allow":["GET"]}}],"collection":[{"href":"https:\/\/cercledargent.fr\/index.php\/wp-json\/wp\/v2\/pages"}],"about":[{"href":"https:\/\/cercledargent.fr\/index.php\/wp-json\/wp\/v2\/types\/page"}],"author":[{"embeddable":true,"href":"https:\/\/cercledargent.fr\/index.php\/wp-json\/wp\/v2\/users\/1"}],"replies":[{"embeddable":true,"href":"https:\/\/cercledargent.fr\/index.php\/wp-json\/wp\/v2\/comments?post=20"}],"version-history":[{"count":24,"href":"https:\/\/cercledargent.fr\/index.php\/wp-json\/wp\/v2\/pages\/20\/revisions"}],"predecessor-version":[{"id":1143,"href":"https:\/\/cercledargent.fr\/index.php\/wp-json\/wp\/v2\/pages\/20\/revisions\/1143"}],"wp:attachment":[{"href":"https:\/\/cercledargent.fr\/index.php\/wp-json\/wp\/v2\/media?parent=20"}],"curies":[{"name":"wp","href":"https:\/\/api.w.org\/{rel}","templated":true}]}}