{"id":113,"date":"2021-04-30T08:06:31","date_gmt":"2021-04-30T06:06:31","guid":{"rendered":"http:\/\/cercledargent.fr\/?page_id=113"},"modified":"2025-11-29T09:15:18","modified_gmt":"2025-11-29T08:15:18","slug":"conferences","status":"publish","type":"page","link":"https:\/\/cercledargent.fr\/index.php\/conferences\/","title":{"rendered":"Conf\u00e9rences"},"content":{"rendered":"<p>&nbsp;<\/p>\n<h2><img loading=\"lazy\" decoding=\"async\" class=\"alignnone wp-image-400\" src=\"http:\/\/cercledargent.fr\/wp-content\/uploads\/2021\/11\/LOGO-6e-definitif-1.png\" alt=\"\" width=\"80\" height=\"84\" \/><em><strong>Plusieurs\u00a0fois\u00a0dans l&rsquo;ann\u00e9e, le CERCLE d&rsquo;ARGENT fait venir un conf\u00e9rencier au TABAGNON.<\/strong><\/em><\/h2>\n<h3>Conf\u00e9rence du 21 novembre 2025 :\u00a0 \u00a0 \u00a0 \u00a0 \u00a0 \u00a0 \u00a0 \u00a0<img loading=\"lazy\" decoding=\"async\" class=\"alignnone wp-image-1533\" src=\"http:\/\/cercledargent.fr\/wp-content\/uploads\/2025\/11\/femmes-2d-guerre-mondiale-300x241.jpg\" alt=\"\" width=\"176\" height=\"141\" srcset=\"https:\/\/cercledargent.fr\/wp-content\/uploads\/2025\/11\/femmes-2d-guerre-mondiale-300x241.jpg 300w, https:\/\/cercledargent.fr\/wp-content\/uploads\/2025\/11\/femmes-2d-guerre-mondiale.jpg 600w\" sizes=\"auto, (max-width: 176px) 100vw, 176px\" \/><\/h3>\n<h3>\u00ab\u00a0Le r\u00f4le des femmes pendant la seconde guerre mondiale\u00a0\u00bb par Jean Et\u00e9venaux\u00a0 \u00a0 <a href=\"http:\/\/cercledargent.fr\/wp-content\/uploads\/2025\/11\/Recit-Conference-21.11.25.pdf\">R\u00e9cit Conf\u00e9rence 21.11.25<\/a><\/h3>\n<p>&nbsp;<\/p>\n<p>&nbsp;<\/p>\n<p>&nbsp;<\/p>\n<h3>Conf\u00e9rence du 14 mars 2025 : \u00ab\u00a0Les grandes catastrophes lyonnaises\u00a0\u00bb par Adrien BOSTMAMBRUN\u00a0\u00a0\u00a0\u00a0\u00a0\u00a0\u00a0\u00a0 \u00a0 \u00a0 \u00a0 \u00a0 \u00a0 \u00a0 \u00a0 \u00a0 \u00a0 \u00a0 \u00a0 \u00a0\u00a0 \u00a0\u00a0\u00a0\u00a0\u00a0\u00a0\u00a0\u00a0\u00a0\u00a0\u00a0\u00a0\u00a0\u00a0\u00a0 \u00a0 \u00a0 \u00a0 \u00a0 \u00a0 \u00a0 \u00a0 \u00a0 \u00a0 \u00a0 \u00a0 \u00a0 \u00a0 \u00a0 \u00a0 \u00a0 \u00a0\u00a0 \u00a0\u00a0 <a href=\"http:\/\/cercledargent.fr\/wp-content\/uploads\/2025\/04\/Recit-conf.-catastrophes-lyonnaises-14.03.25.pdf\">R\u00e9cit conf. catastrophes lyonnaises 14.03.25<\/a><\/h3>\n<h3><\/h3>\n<h3><\/h3>\n<h3><\/h3>\n<h3>Conf\u00e9rence du 15 novembre 2024 sur le CONCORDE <a href=\"http:\/\/cercledargent.fr\/wp-content\/uploads\/2024\/12\/Recit-conference-CONCORDE.pdf\">R\u00e9cit conf\u00e9rence CONCORDE<img loading=\"lazy\" decoding=\"async\" class=\"alignnone wp-image-1334\" src=\"http:\/\/cercledargent.fr\/wp-content\/uploads\/2024\/12\/image-concorde-de-JEAN-1-300x225.png\" alt=\"\" width=\"207\" height=\"155\" srcset=\"https:\/\/cercledargent.fr\/wp-content\/uploads\/2024\/12\/image-concorde-de-JEAN-1-300x225.png 300w, https:\/\/cercledargent.fr\/wp-content\/uploads\/2024\/12\/image-concorde-de-JEAN-1-1024x768.png 1024w, https:\/\/cercledargent.fr\/wp-content\/uploads\/2024\/12\/image-concorde-de-JEAN-1-768x576.png 768w, https:\/\/cercledargent.fr\/wp-content\/uploads\/2024\/12\/image-concorde-de-JEAN-1-1536x1152.png 1536w, https:\/\/cercledargent.fr\/wp-content\/uploads\/2024\/12\/image-concorde-de-JEAN-1.png 2000w\" sizes=\"auto, (max-width: 207px) 100vw, 207px\" \/><\/a><\/h3>\n<h3><\/h3>\n<h3><\/h3>\n<h3>Conf\u00e9rence du 15 mars 2024 : murs peints et trompe l&rsquo;oeil en r\u00e9gion Rh\u00f4ne-Alpes\u00a0 par Adrien BOSTMAMBRUN\u00a0 <img loading=\"lazy\" decoding=\"async\" class=\"alignnone size-medium wp-image-1203\" src=\"http:\/\/cercledargent.fr\/wp-content\/uploads\/2024\/04\/Mur-des-canuts-p_2-300x169.jpg\" alt=\"\" width=\"300\" height=\"169\" srcset=\"https:\/\/cercledargent.fr\/wp-content\/uploads\/2024\/04\/Mur-des-canuts-p_2-300x169.jpg 300w, https:\/\/cercledargent.fr\/wp-content\/uploads\/2024\/04\/Mur-des-canuts-p_2.jpg 700w\" sizes=\"auto, (max-width: 300px) 100vw, 300px\" \/><a href=\"http:\/\/cercledargent.fr\/wp-content\/uploads\/2024\/04\/Recit-conference-15.03.24.pdf\">R\u00e9cit conf\u00e9rence 15.03.24<\/a><\/h3>\n<p>&nbsp;<\/p>\n<p>&nbsp;<\/p>\n<h3><span style=\"color: #000000;\">Conf\u00e9rence du 20 octobre 2023 <\/span>\u00ab\u00a0les chansons fran\u00e7aises, reflet des \u00e9poques\u00a0\u00bb par Adrien BOSTMAMBRUN<\/h3>\n<h3><a href=\"http:\/\/cercledargent.fr\/wp-content\/uploads\/2023\/11\/Recit-et-photo-conference-20.10.23.pdf\">Recit-et-photo de cette conference<\/a><\/h3>\n<h3>Conf\u00e9rence du 10 mars 2023 : la Narbonnaise\u00a0 <img loading=\"lazy\" decoding=\"async\" class=\"alignnone size-medium wp-image-816\" src=\"http:\/\/cercledargent.fr\/wp-content\/uploads\/2023\/03\/20230310_150718-300x169.jpg\" alt=\"\" width=\"300\" height=\"169\" srcset=\"https:\/\/cercledargent.fr\/wp-content\/uploads\/2023\/03\/20230310_150718-300x169.jpg 300w, https:\/\/cercledargent.fr\/wp-content\/uploads\/2023\/03\/20230310_150718-1024x576.jpg 1024w, https:\/\/cercledargent.fr\/wp-content\/uploads\/2023\/03\/20230310_150718-768x432.jpg 768w, https:\/\/cercledargent.fr\/wp-content\/uploads\/2023\/03\/20230310_150718-1536x864.jpg 1536w, https:\/\/cercledargent.fr\/wp-content\/uploads\/2023\/03\/20230310_150718-2048x1152.jpg 2048w\" sizes=\"auto, (max-width: 300px) 100vw, 300px\" \/> <img loading=\"lazy\" decoding=\"async\" class=\"alignnone size-medium wp-image-822\" src=\"http:\/\/cercledargent.fr\/wp-content\/uploads\/2023\/03\/20230310_151319-300x169.jpg\" alt=\"\" width=\"300\" height=\"169\" srcset=\"https:\/\/cercledargent.fr\/wp-content\/uploads\/2023\/03\/20230310_151319-300x169.jpg 300w, https:\/\/cercledargent.fr\/wp-content\/uploads\/2023\/03\/20230310_151319-1024x576.jpg 1024w, https:\/\/cercledargent.fr\/wp-content\/uploads\/2023\/03\/20230310_151319-768x432.jpg 768w, https:\/\/cercledargent.fr\/wp-content\/uploads\/2023\/03\/20230310_151319-1536x864.jpg 1536w, https:\/\/cercledargent.fr\/wp-content\/uploads\/2023\/03\/20230310_151319-2048x1152.jpg 2048w\" sizes=\"auto, (max-width: 300px) 100vw, 300px\" \/><\/h3>\n<h3><a href=\"http:\/\/cercledargent.fr\/wp-content\/uploads\/2023\/03\/Recit-Conference-La-Narbonnaise.pdf\">R\u00e9cit Conf\u00e9rence La Narbonnaise<\/a><\/h3>\n<div id=\"mceu_45\" class=\"wp-link-preview\"><\/div>\n<h3><img loading=\"lazy\" decoding=\"async\" class=\"alignnone wp-image-820\" src=\"http:\/\/cercledargent.fr\/wp-content\/uploads\/2023\/03\/20230310_150841-300x169.jpg\" alt=\"\" width=\"252\" height=\"142\" srcset=\"https:\/\/cercledargent.fr\/wp-content\/uploads\/2023\/03\/20230310_150841-300x169.jpg 300w, https:\/\/cercledargent.fr\/wp-content\/uploads\/2023\/03\/20230310_150841-1024x576.jpg 1024w, https:\/\/cercledargent.fr\/wp-content\/uploads\/2023\/03\/20230310_150841-768x432.jpg 768w, https:\/\/cercledargent.fr\/wp-content\/uploads\/2023\/03\/20230310_150841-1536x864.jpg 1536w, https:\/\/cercledargent.fr\/wp-content\/uploads\/2023\/03\/20230310_150841-2048x1152.jpg 2048w\" sizes=\"auto, (max-width: 252px) 100vw, 252px\" \/> \u00a0\u00a0\u00a0\u00a0\u00a0\u00a0 <img loading=\"lazy\" decoding=\"async\" class=\"alignnone wp-image-826\" src=\"http:\/\/cercledargent.fr\/wp-content\/uploads\/2023\/03\/plaque-CHEMIN-Fontanieres-300x168.jpg\" alt=\"\" width=\"263\" height=\"147\" srcset=\"https:\/\/cercledargent.fr\/wp-content\/uploads\/2023\/03\/plaque-CHEMIN-Fontanieres-300x168.jpg 300w, https:\/\/cercledargent.fr\/wp-content\/uploads\/2023\/03\/plaque-CHEMIN-Fontanieres.jpg 473w\" sizes=\"auto, (max-width: 263px) 100vw, 263px\" \/><\/h3>\n<h3><\/h3>\n<h3><\/h3>\n<h3><\/h3>\n<h3><\/h3>\n<h4>Conf\u00e9rence du 4 mars 2022 : jardins asiatiques par\u00a0 G\u00e9rald MONTAGNEUX\u00a0\u00a0\u00a0 <img loading=\"lazy\" decoding=\"async\" class=\"alignnone size-medium wp-image-494\" src=\"http:\/\/cercledargent.fr\/wp-content\/uploads\/2022\/02\/illustration-les-jardins-du-monde-avec-gerald-montagneux_1-1643376375-300x192.jpg\" alt=\"\" width=\"300\" height=\"192\" srcset=\"https:\/\/cercledargent.fr\/wp-content\/uploads\/2022\/02\/illustration-les-jardins-du-monde-avec-gerald-montagneux_1-1643376375-300x192.jpg 300w, https:\/\/cercledargent.fr\/wp-content\/uploads\/2022\/02\/illustration-les-jardins-du-monde-avec-gerald-montagneux_1-1643376375-1024x655.jpg 1024w, https:\/\/cercledargent.fr\/wp-content\/uploads\/2022\/02\/illustration-les-jardins-du-monde-avec-gerald-montagneux_1-1643376375-768x491.jpg 768w, https:\/\/cercledargent.fr\/wp-content\/uploads\/2022\/02\/illustration-les-jardins-du-monde-avec-gerald-montagneux_1-1643376375-1536x982.jpg 1536w, https:\/\/cercledargent.fr\/wp-content\/uploads\/2022\/02\/illustration-les-jardins-du-monde-avec-gerald-montagneux_1-1643376375.jpg 1600w\" sizes=\"auto, (max-width: 300px) 100vw, 300px\" \/><\/h4>\n<h4><a href=\"http:\/\/cercledargent.fr\/wp-content\/uploads\/2022\/04\/JARDINS-ASIATIQUES-article-images.pdf\">Pour en savoir plus, cliquez ici<\/a><\/h4>\n<h4><\/h4>\n<h4><strong>Conf\u00e9rence du 14 f\u00e9vrier 2020<\/strong><\/h4>\n<p>\u00ab\u00a0<em>Les Grandes Familles Lyonnaises du Moyen Age \u00e0 la R\u00e9volution<\/em>\u00a0\u00bb<\/p>\n<p>par Adrien BOSTMAMBRUN<\/p>\n<h5><\/h5>\n<h5>RESPONSABLE :<\/h5>\n<p>. M.\u00a0 DISS\u00c8S : 06.83.30.54.11<\/p>\n<p>&nbsp;<\/p>\n","protected":false},"excerpt":{"rendered":"<p>&nbsp; Plusieurs\u00a0fois\u00a0dans l&rsquo;ann\u00e9e, le CERCLE d&rsquo;ARGENT fait venir un conf\u00e9rencier au TABAGNON. Conf\u00e9rence du 21 novembre 2025 :\u00a0 \u00a0 \u00a0 \u00a0 \u00a0 \u00a0 \u00a0 \u00a0 \u00ab\u00a0Le r\u00f4le des femmes pendant la seconde guerre mondiale\u00a0\u00bb par Jean Et\u00e9venaux\u00a0 \u00a0 R\u00e9cit Conf\u00e9rence 21.11.25 &nbsp; &nbsp; &nbsp; Conf\u00e9rence du 14 mars 2025 : \u00ab\u00a0Les grandes catastrophes lyonnaises\u00a0\u00bb par &hellip; <a href=\"https:\/\/cercledargent.fr\/index.php\/conferences\/\" class=\"more-link\">Continuer la lecture de <span class=\"screen-reader-text\">Conf\u00e9rences<\/span>  <span class=\"meta-nav\">&rarr;<\/span><\/a><\/p>\n","protected":false},"author":1,"featured_media":0,"parent":0,"menu_order":0,"comment_status":"closed","ping_status":"closed","template":"","meta":{"arc_restricted_post":false,"footnotes":""},"class_list":["post-113","page","type-page","status-publish","hentry"],"_links":{"self":[{"href":"https:\/\/cercledargent.fr\/index.php\/wp-json\/wp\/v2\/pages\/113","targetHints":{"allow":["GET"]}}],"collection":[{"href":"https:\/\/cercledargent.fr\/index.php\/wp-json\/wp\/v2\/pages"}],"about":[{"href":"https:\/\/cercledargent.fr\/index.php\/wp-json\/wp\/v2\/types\/page"}],"author":[{"embeddable":true,"href":"https:\/\/cercledargent.fr\/index.php\/wp-json\/wp\/v2\/users\/1"}],"replies":[{"embeddable":true,"href":"https:\/\/cercledargent.fr\/index.php\/wp-json\/wp\/v2\/comments?post=113"}],"version-history":[{"count":68,"href":"https:\/\/cercledargent.fr\/index.php\/wp-json\/wp\/v2\/pages\/113\/revisions"}],"predecessor-version":[{"id":1536,"href":"https:\/\/cercledargent.fr\/index.php\/wp-json\/wp\/v2\/pages\/113\/revisions\/1536"}],"wp:attachment":[{"href":"https:\/\/cercledargent.fr\/index.php\/wp-json\/wp\/v2\/media?parent=113"}],"curies":[{"name":"wp","href":"https:\/\/api.w.org\/{rel}","templated":true}]}}